?
2513
Calculate the remainder when 949736 is divided by 126.
74
What is the remainder when 12515532 is divided by 9?
6
Calculate the remainder when 4866230 is divided by 14.
12
What is the remainder when 37336940 is divided by 423?
422
Calculate the remainder when 140186729 is divided by 23364453.
11
What is the remainder when 99433572 is divided by 675?
672
What is the remainder when 65404 is divided by 32005?
1394
Calculate the remainder when 25278017 is divided by 696.
689
Calculate the remainder when 223861 is divided by 3835.
1431
Calculate the remainder when 417204 is divided by 1814.
1798
What is the remainder when 4953938 is divided by 825654?
14
What is the remainder when 2757841 is divided by 11255?
366
Calculate the remainder when 193593798 is divided by 328.
326
What is the remainder when 36314 is divided by 8499?
2318
What is the remainder when 882801 is divided by 7675?
176
What is the remainder when 138204 is divided by 2188?
360
What is the remainder when 13031118 is divided by 1447901?
9
Calculate the remainder when 10698687 is divided by 1169.
1168
What is the remainder when 517536 is divided by 46992?
624
What is the remainder when 5551130 is divided by 71?
66
What is the remainder when 16600694 is divided by 17831?
33
What is the remainder when 10578603 is divided by 144912?
27
What is the remainder when 11385 is divided by 10714?
671
What is the remainder when 894417 is divided by 133?
125
Calculate the remainder when 1383048 is divided by 26.
4
Calculate the remainder when 1162169 is divided by 559.
8
What is the remainder when 160946 is divided by 160357?
589
Calculate the remainder when 831142842 is divided by 5595.
5592
Calculate the remainder when 453211 is divided by 151069.
4
Calculate the remainder when 972628 is divided by 556.
184
What is the remainder when 5263377 is divided by 1620?
1617
Calculate the remainder when 59702707 is divided by 23.
20
What is the remainder when 15043707 is divided by 14?
7
Calculate the remainder when 18978124 is divided by 25.
24
Calculate the remainder when 23154055 is divided by 27.
16
What is the remainder when 31920048 is divided by 1582?
34
Calculate the remainder when 807723 is divided by 1369.
13
Calculate the remainder when 159641 is divided by 39327.
2333
What is the remainder when 109353295 is divided by 350?
345
What is the remainder when 13405498 is divided by 265?
208
Calculate the remainder when 2840814 is divided by 395.
369
Calculate the remainder when 59809118 is divided by 176950.
18
What is the remainder when 3563533 is divided by 13397?
13328
What is the remainder when 42438 is divided by 815?
58
Calculate the remainder when 4510738 is divided by 852.
250
Calculate the remainder when 113590 is divided by 56670.
250
What is the remainder when 80672 is divided by 214?
208
Calculate the remainder when 2150561 is divided by 102.
95
Calculate the remainder when 2574249 is divided by 256.
169
Calculate the remainder when 15380792 is divided by 286.
284
What is the remainder when 78604208 is divided by 4?
0
What is the remainder when 1002771 is divided by 127?
106
What is the remainder when 225598 is divided by 54980?
5678
What is the remainder when 21612521 is divided by 2211?
2207
What is the remainder when 85765 is divided by 1425?
265
Calculate the remainder when 78197 is divided by 4598.
31
Calculate the remainder when 14244336 is divided by 1.
0
What is the remainder when 10497983 is divided by 3499319?
26
Calculate the remainder when 1328371 is divided by 221379.
97
Calculate the remainder when 132207 is divided by 7187.
2841
Calculate the remainder when 277187 is divided by 92340.
167
What is the remainder when 4694555 is divided by 19?
16
What is the remainder when 401503 is divided by 3291?
1
Calculate the remainder when 852548 is divided by 106568.
4
Calculate the remainder when 6497578 is divided by 1735.
3
What is the remainder when 761198 is divided by 217?
179
What is the remainder when 4282600 is divided by 126?
112
Calculate the remainder when 361266 is divided by 180629.
8
What is the remainder when 1229064 is divided by 13735?
6649
What is the remainder when 2213946 is divided by 900?
846
What is the remainder when 39707914 is divided by 4222?
4
What is the remainder when 46918 is divided by 2949?
2683
Calculate the remainder when 7778501 is divided by 81026.
5
Calculate the remainder when 1624646 is divided by 176.
166
Calculate the remainder when 234876 is divided by 4699.
4625
Calculate the remainder when 24249634 is divided by 168.
10
Calculate the remainder when 18286959 is divided by 962470.
29
Calculate the remainder when 1268750 is divided by 62.
44
Calculate the remainder when 11192994 is divided by 33.
21
Calculate the remainder when 1198420 is divided by 6409.
6346
Calculate the remainder when 5248729 is divided by 49.
45
Calculate the remainder when 421127 is divided by 1118.
759
Calculate the remainder when 433542191 is divided by 469.
467
What is the remainder when 325056020 is divided by 281?
278
Calculate the remainder when 65362 is divided by 32643.
76
What is the remainder when 113063 is divided by 151?
115
Calculate the remainder when 44456 is divided by 43141.
1315
What is the remainder when 226557 is divided by 84?
9
Calculate the remainder when 9647 is divided by 1520.
527
What is the remainder when 239136733 is divided by 335?
333
Calculate the remainder when 6814528 is divided by 4125.
28
Calculate the remainder when 416136 is divided by 786.
342
Calculate the remainder when 52759 is divided by 52161.
598
Calculate the remainder when 32993179 is divided by 54.
43
What is the remainder when 240342013 is divided by 512?
509
What is the remainder when 1519577 is divided by 83?
13
Calculate the remainder when 74979 is divided by 4406.
77
What is the remainder when 45775319 is divided by 2703?
14
What is the remainder when 81237 is divided by 1782?
1047
What is the remainder when 1106867 is divided by 321?
59
What is the remainder when 3882 is divided by 8?
2
Calculate the remainder when 150344 is divided by 48630.
4454
Calculate the remainder when 146119 is divided by 48638.
205
Calculate the remainder when 85752470 is divided by 13.
11
Calculate the remainder when 208568 is divided by 102773.
3022
What is the remainder when 1590434 is divided by 4849?
4811
What is the remainder when 43920314 is divided by 36208?
10
What is the remainder when 223229950 is divided by 2048?
2046
Calculate the remainder when 563007 is divided by 299.
289
Calculate the remainder when 4841862 is divided by 21.
18
What is the remainder when 163073 is divided by 2255?
713
What is the remainder when 136773617 is divided by 678?
677
Calculate the remainder when 274677743 is divided by 13733887.
3
Calculate the remainder when 19367739 is divided by 260.
79
What is the remainder when 68320 is divided by 1851?
1684
Calculate the remainder when 11920 is divided by 29.
1
Calculate the remainder when 22768105 is divided by 95.
25
Calculate the remainder when 2971816 is divided by 19050.
16
Calculate the remainder when 17389582 is divided by 3086.
3058
Calculate the remainder when 1150265 is divided by 31088.
9
What is the remainder when 7732197 is divided by 838?
809
Calculate the remainder when 684826 is divided by 336.
58
What is the remainder when 36767539 is divided by 6127920?
19
Calculate the remainder when 219423 is divided by 5101.
80
Calculate the remainder when 8880 is divided by 50.
30
Calculate the remainder when 27764 is divided by 1332.
1124
Calculate the remainder when 89971 is divided by 43681.
2609
What is the remainder when 32545046 is divided by 378?
2
What is the remainder when 3456290 is divided by 448?
418
Calculate the remainder when 42675581 is divided by 101.
51
Calculate the remainder when 26262 is divided by 8620.
402
What is the remainder when 138185 is divided by 13818?
5
Calculate the remainder when 112964 is divided by 2986.
2482
Calculate the remainder when 15975691 is divided by 3.
1
What is the remainder when 1107341 is divided by 184555?
11
What is the remainder when 15347948 is divided by 2020?
2008
Calculate the remainder when 2851624 is divided by 37.
34
Calculate the remainder when 16761578 is divided by 806.
2
Calcula